{"id":77,"date":"2025-11-12T10:39:04","date_gmt":"2025-11-12T10:39:04","guid":{"rendered":"https:\/\/cinemafilles.com\/?page_id=77"},"modified":"2025-11-19T11:56:13","modified_gmt":"2025-11-19T11:56:13","slug":"proyecto-manuscrito-encontrado-en-zaragoza","status":"publish","type":"page","link":"https:\/\/cinemafilles.com\/index.php\/proyecto-manuscrito-encontrado-en-zaragoza\/","title":{"rendered":"El hombre-lobro ilustrado (y un manuscrito hallado en Zaragoza)"},"content":{"rendered":"\n<figure class=\"wp-block-image size-large\"><img loading=\"lazy\" decoding=\"async\" width=\"1024\" height=\"427\" src=\"http:\/\/cinemafilles.com\/wp-content\/uploads\/2025\/11\/10-1024x427.jpg\" alt=\"\" class=\"wp-image-90\" srcset=\"https:\/\/cinemafilles.com\/wp-content\/uploads\/2025\/11\/10-1024x427.jpg 1024w, https:\/\/cinemafilles.com\/wp-content\/uploads\/2025\/11\/10-300x125.jpg 300w, https:\/\/cinemafilles.com\/wp-content\/uploads\/2025\/11\/10.jpg 1777w\" sizes=\"auto, (max-width: 1024px) 100vw, 1024px\" \/><\/figure>\n\n\n\n<p>A comienzos del siglo XIX, el conde Jan Potocki \u2014ilustrado polaco, defensor de la raz\u00f3n y de la ciencia frente a la superstici\u00f3n\u2014 se quita la vida con una bala de plata convencido de estar convirti\u00e9ndose en hombre lobo. Antes deja una novela tan inquietante como inacabada, perdida durante m\u00e1s de un siglo y recuperada despu\u00e9s en circunstancias casi tan fant\u00e1sticas como su propio relato.<\/p>\n\n\n\n<p>D\u00e9cadas m\u00e1s tarde, el cineasta polaco Wojciech J. Has adapta la obra en una pel\u00edcula hipn\u00f3tica que desaf\u00eda los l\u00edmites del realismo socialista de la Polonia sovi\u00e9tica. El film se estrena incompleto y desaparece misteriosamente, hasta que Martin Scorsese y un grupo de c\u00f3mplices cin\u00e9filos emprenden su b\u00fasqueda.<\/p>\n\n\n\n<p>El aura siniestra del manuscrito cautiva al compositor valenciano Jos\u00e9 Evangelista, que crea una \u00f3pera magistral \u2014y sin embargo casi desconocida\u2014 inspirada en este universo.<\/p>\n\n\n\n<p>Escritores, cineastas y m\u00fasicos reconstruyen la enigm\u00e1tica traves\u00eda de <em>Manuscrito encontrado en Zaragoza<\/em>, un espejo de la construcci\u00f3n cultural y pol\u00edtica de Europa, donde lo fant\u00e1stico, lo goyesco y el humor se entrelazan. Porque el sue\u00f1o de la raz\u00f3n no solo produce monstruos: tambi\u00e9n produce arte.<\/p>\n\n\n\n<p>Largometraje documental en desarrollo<br>Direcci\u00f3n y guion: Rafael Maluenda<\/p>\n\n\n\n<p><\/p>\n","protected":false},"excerpt":{"rendered":"<p>A comienzos del siglo XIX, el conde Jan Potocki \u2014ilustrado polaco, defensor de la raz\u00f3n y de la ciencia frente a la superstici\u00f3n\u2014 se quita la vida con una bala de plata convencido de estar convirti\u00e9ndose en hombre lobo. Antes deja una novela tan inquietante como inacabada, perdida durante m\u00e1s de un siglo y recuperada &hellip; <\/p>\n<p class=\"link-more\"><a href=\"https:\/\/cinemafilles.com\/index.php\/proyecto-manuscrito-encontrado-en-zaragoza\/\" class=\"more-link\">Leer m\u00e1s<span class=\"screen-reader-text\"> \u00abEl hombre-lobro ilustrado (y un manuscrito hallado en Zaragoza)\u00bb<\/span><\/a><\/p>\n","protected":false},"author":1,"featured_media":0,"parent":0,"menu_order":0,"comment_status":"closed","ping_status":"closed","template":"","meta":{"footnotes":""},"class_list":["post-77","page","type-page","status-publish","hentry"],"_links":{"self":[{"href":"https:\/\/cinemafilles.com\/index.php\/wp-json\/wp\/v2\/pages\/77","targetHints":{"allow":["GET"]}}],"collection":[{"href":"https:\/\/cinemafilles.com\/index.php\/wp-json\/wp\/v2\/pages"}],"about":[{"href":"https:\/\/cinemafilles.com\/index.php\/wp-json\/wp\/v2\/types\/page"}],"author":[{"embeddable":true,"href":"https:\/\/cinemafilles.com\/index.php\/wp-json\/wp\/v2\/users\/1"}],"replies":[{"embeddable":true,"href":"https:\/\/cinemafilles.com\/index.php\/wp-json\/wp\/v2\/comments?post=77"}],"version-history":[{"count":14,"href":"https:\/\/cinemafilles.com\/index.php\/wp-json\/wp\/v2\/pages\/77\/revisions"}],"predecessor-version":[{"id":263,"href":"https:\/\/cinemafilles.com\/index.php\/wp-json\/wp\/v2\/pages\/77\/revisions\/263"}],"wp:attachment":[{"href":"https:\/\/cinemafilles.com\/index.php\/wp-json\/wp\/v2\/media?parent=77"}],"curies":[{"name":"wp","href":"https:\/\/api.w.org\/{rel}","templated":true}]}}